 29.
13
What is the remainder when 8938 is divided by 30?
28
Calculate the remainder when 2796 is divided by 698.
4
What is the remainder when 981 is divided by 191?
26
Calculate the remainder when 260 is divided by 38.
32
What is the remainder when 21919 is divided by 80?
79
Calculate the remainder when 333 is divided by 13.
8
Calculate the remainder when 368 is divided by 238.
130
What is the remainder when 991 is divided by 71?
68
What is the remainder when 842 is divided by 271?
29
What is the remainder when 88 is divided by 38?
12
What is the remainder when 123016 is divided by 42?
40
Calculate the remainder when 747 is divided by 31.
3
What is the remainder when 528 is divided by 164?
36
Calculate the remainder when 120 is divided by 49.
22
What is the remainder when 75 is divided by 55?
20
Calculate the remainder when 644 is divided by 49.
7
Calculate the remainder when 1731 is divided by 558.
57
Calculate the remainder when 244 is divided by 169.
75
What is the remainder when 21164 is divided by 21?
17
What is the remainder when 2155 is divided by 90?
85
What is the remainder when 36 is divided by 9?
0
Calculate the remainder when 675 is divided by 179.
138
Calculate the remainder when 615 is divided by 44.
43
What is the remainder when 90 is divided by 71?
19
What is the remainder when 131 is divided by 29?
15
What is the remainder when 135 is divided by 35?
30
Calculate the remainder when 31713 is divided by 6.
3
Calculate the remainder when 98 is divided by 26.
20
What is the remainder when 1295 is divided by 263?
243
What is the remainder when 143 is divided by 56?
31
What is the remainder when 578 is divided by 16?
2
Calculate the remainder when 1207 is divided by 380.
67
What is the remainder when 250 is divided by 103?
44
Calculate the remainder when 5220 is divided by 227.
226
Calculate the remainder when 196 is divided by 187.
9
What is the remainder when 419 is divided by 288?
131
What is the remainder when 441 is divided by 35?
21
What is the remainder when 118 is divided by 60?
58
Calculate the remainder when 1542 is divided by 26.
8
What is the remainder when 14322 is divided by 247?
243
What is the remainder when 557 is divided by 9?
8
Calculate the remainder when 222 is divided by 25.
22
What is the remainder when 140 is divided by 62?
16
What is the remainder when 376 is divided by 37?
6
Calculate the remainder when 1071 is divided by 16.
15
Calculate the remainder when 1719 is divided by 25.
19
What is the remainder when 720 is divided by 118?
12
What is the remainder when 316 is divided by 29?
26
Calculate the remainder when 173 is divided by 83.
7
Calculate the remainder when 451 is divided by 95.
71
Calculate the remainder when 192 is divided by 187.
5
What is the remainder when 2555 is divided by 681?
512
Calculate the remainder when 6 is divided by 2.
0
What is the remainder when 102 is divided by 72?
30
What is the remainder when 1204 is divided by 244?
228
Calculate the remainder when 3997 is divided by 40.
37
Calculate the remainder when 103 is divided by 35.
33
What is the remainder when 91 is divided by 35?
21
What is the remainder when 1989 is divided by 496?
5
What is the remainder when 22 is divided by 7?
1
Calculate the remainder when 4 is divided by 1.
0
Calculate the remainder when 133 is divided by 10.
3
What is the remainder when 246 is divided by 23?
16
What is the remainder when 291 is divided by 73?
72
Calculate the remainder when 1046 is divided by 30.
26
What is the remainder when 235 is divided by 68?
31
What is the remainder when 892 is divided by 78?
34
Calculate the remainder when 21 is divided by 12.
9
What is the remainder when 68 is divided by 12?
8
What is the remainder when 81 is divided by 21?
18
What is the remainder when 418 is divided by 58?
12
What is the remainder when 7916 is divided by 91?
90
What is the remainder when 179 is divided by 46?
41
Calculate the remainder when 260 is divided by 144.
116
Calculate the remainder when 842 is divided by 13.
10
What is the remainder when 4147 is divided by 122?
121
What is the remainder when 17 is divided by 9?
8
What is the remainder when 2204 is divided by 733?
5
What is the remainder when 1278 is divided by 110?
68
What is the remainder when 1129 is divided by 211?
74
What is the remainder when 114 is divided by 39?
36
What is the remainder when 51 is divided by 43?
8
What is the remainder when 1070 is divided by 52?
30
Calculate the remainder when 305 is divided by 143.
19
Calculate the remainder when 92 is divided by 37.
18
What is the remainder when 393 is divided by 25?
18
Calculate the remainder when 9 is divided by 8.
1
What is the remainder when 4 is divided by 3?
1
Calculate the remainder when 117 is divided by 19.
3
Calculate the remainder when 409 is divided by 53.
38
Calculate the remainder when 216 is divided by 204.
12
Calculate the remainder when 774 is divided by 98.
88
What is the remainder when 102 is divided by 81?
21
What is the remainder when 145 is divided by 37?
34
Calculate the remainder when 58 is divided by 54.
4
What is the remainder when 1769 is divided by 59?
58
What is the remainder when 64 is divided by 34?
30
Calculate the remainder when 80 is divided by 80.
0
Calculate the remainder when 172 is divided by 48.
28
Calculate the remainder when 259 is divided by 20.
19
Calculate the remainder when 702 is divided by 64.
62
What is the remainder when 554 is divided by 293?
261
Calculate the remainder when 186 is divided by 92.
2
Calculate the remainder when 895 is divided by 448.
447
Calculate the remainder when 1792 is divided by 90.
82
Calculate the remainder when 485 is divided by 61.
58
What is the remainder when 2192 is divided by 122?
118
Calculate the remainder when 2153 is divided by 101.
32
Calculate the remainder when 320 is divided by 17.
14
Calculate the remainder when 20 is divided by 13.
7
What is the remainder when 446 is divided by 152?
142
Calculate the remainder when 2131 is divided by 196.
171
Calculate the remainder when 1779 is divided by 89.
88
What is the remainder when 403 is divided by 49?
11
What is the remainder when 217 is divided by 29?
14
What is the remainder when 699 is divided by 133?
34
What is the remainder when 2023 is divided by 13?
8
Calculate the remainder when 135 is divided by 68.
67
Calculate the remainder when 235 is divided by 16.
11
What is the remainder when 337 is divided by 143?
51
Calculate the remainder when 156 is divided by 62.
32
Calculate the remainder when 1517 is divided by 60.
17
What is the remainder when 167 is divided by 99?
68
What is the remainder when 671 is divided by 4?
3
Calculate the remainder when 170 is divided by 43.
41
What is the remainder when 3066 is divided by 11?
8
What is the remainder when 372 is divided by 54?
48
What is the remainder when 216 is divided by 90?
36
Calculate the remainder when 144 is divided by 79.
65
Calculate the remainder when 146 is divided by 9.
2
Calculate the remainder when 174 is divided by 7.
6
Calculate the remainder when 1922 is divided by 13.
11
What is the remainder when 17350 is divided by 12?
10
What is the remainder when 64 is divided by 18?
10
Calculate the remainder when 839 is divided by 18.
11
What is the remainder when 514 is divided by 74?
70
Calculate the remainder when 279 is divided by 28.
27
What is the remainder when 74 is divided by 45?
29
What is the remainder when 13165 is divided by 133?
131
Calculate the remainder when 255 is divided by 16.
15
What is the remainder when 3127 is divided by 23?
22
What is the remainder when 142 is divided by 52?
38
What is the remainder when 89 is divided by 10?
9
What is the remainder when 333 is divided by 11?
3
What is the remainder when 834 is divided by 9?
6
What is the remainder when 481 is divided by 117?
13
What is the remainder when 185 is divided by 66?
53
Calculate the remainder when 904 is divided by 102.
88
What is the remainder when 2751 is divided by 64?
63
Calculate the remainder when 273 is divided by 98.
77
What is the remainder when 358 is divided by 116?
10
Calculate the remainder when 4385 is divided by 338.
329
Calculate the remainder when 1158 is divided by 79.
52
Calculate the remainder when 5584 is divided by 114.
112
Calcula